033
In base 13, what is 5 + 170c758?
170c760
In base 3, what is -110021212221012 - 1012?
-110021212222101
In base 16, what is -c31 + -69fd?
-762e
In base 13, what is -5 + -2c144a9?
-2c144b1
In base 14, what is 187988 + 10?
187998
In base 10, what is -2 - 12478274?
-12478276
In base 8, what is -7507437 + 7?
-7507430
In base 5, what is -4 + -41103401143?
-41103401202
In base 10, what is 2 + -8091563?
-8091561
In base 5, what is 1300244 + -22443?
1222301
In base 8, what is -21 + 2621620?
2621577
In base 5, what is 442312442324 - -4?
442312442333
In base 4, what is 11201211001 - 2?
11201210333
In base 13, what is 60759 - 451?
60308
In base 2, what is -1000110101000 + 1001011000100011?
1000010001111011
In base 4, what is -2 + -12013001113100?
-12013001113102
In base 11, what is 2277124 - -156?
227727a
In base 13, what is -6 + 8ba921c?
8ba9216
In base 15, what is -9a1b0e4 - 5?
-9a1b0e9
In base 6, what is 545035 - -3103?
552142
In base 13, what is 83a81 + 7?
83a88
In base 9, what is 2581826 + -753?
2581063
In base 6, what is 321253420 - 2?
321253414
In base 8, what is -406 - -26103?
25475
In base 10, what is -268562839 + -1?
-268562840
In base 5, what is -3204 + -23110?
-31314
In base 4, what is 1103 + -2013221031?
-2013213322
In base 6, what is -52312131335 - 1?
-52312131340
In base 12, what is 126 + -5a21a?
-5a0b4
In base 2, what is 1 + 100000000011011011000?
100000000011011011001
In base 3, what is -1201221 + 1001022021?
222120100
In base 4, what is 1331 - 121130032?
-121122101
In base 14, what is -b4b10 + -3d0?
-b5100
In base 7, what is -33135352 + 10?
-33135342
In base 6, what is -450201452 + -2?
-450201454
In base 10, what is 2543 + 549?
3092
In base 13, what is 17233c + -2a?
172312
In base 15, what is 7 + -4cbb57?
-4cbb50
In base 10, what is -3 - 17855033?
-17855036
In base 14, what is -10d27d4c + 0?
-10d27d4c
In base 16, what is -f3a3bf4 - -4?
-f3a3bf0
In base 4, what is 113002132301121 - 10?
113002132301111
In base 12, what is 2ab + 13810?
13abb
In base 4, what is -110021221202 - 32?
-110021221300
In base 9, what is 5 - 435445624?
-435445618
In base 16, what is -101e + 13c4?
3a6
In base 15, what is -4 + -304dd6?
-304dda
In base 4, what is -3 - 1322002213120?
-1322002213123
In base 8, what is 465 + -51024?
-50337
In base 12, what is -24 - -109734a?
1097326
In base 7, what is -201156562 - 6?
-201156601
In base 10, what is 101597920 + -4?
101597916
In base 10, what is 344625 + -2?
344623
In base 6, what is -4545405015 + 1?
-4545405014
In base 2, what is -11011 + 10001111100010001001?
10001111100001101110
In base 10, what is -9455 - -159?
-9296
In base 10, what is -2 + -511464?
-511466
In base 16, what is -697 - 1f93?
-262a
In base 3, what is 2211 + -11112222202002?
-11112222122021
In base 10, what is -81220692 - 4?
-81220696
In base 5, what is -30410123233 + 21?
-30410123212
In base 16, what is -f4a1e98 + -1?
-f4a1e99
In base 8, what is -210 - -752016?
751606
In base 7, what is 3506111 - -6211?
3515322
In base 8, what is -273 - 40006?
-40301
In base 3, what is -2220201200 + 1100212101?
-1112212022
In base 5, what is -4033234010 - 32?
-4033234042
In base 14, what is -23097 + 209?
-22c8c
In base 11, what is 673 - 1749?
-1086
In base 13, what is -134a72 - 9?
-134a7b
In base 13, what is -6827b - 11b?
-68399
In base 2, what is 1111 - 11000000111110010010011?
-11000000111110010000100
In base 2, what is -100000000111111000 + 10110?
-100000000111100010
In base 2, what is 10111100 - 11100100111101000001?
-11100100111010000101
In base 5, what is -32 - -2334420?
2334333
In base 6, what is 5 + 32235213?
32235222
In base 8, what is 1433 - -47154?
50607
In base 7, what is 3 + -252541301?
-252541265
In base 11, what is 3363a1 - 135?
336267
In base 2, what is -10010101011100 + 1000111111111100?
110101010100000
In base 11, what is 1 + -5449006?
-5449005
In base 3, what is 111 - -20000220022112010?
20000220022112121
In base 9, what is -278376740 - -3?
-278376736
In base 15, what is 158142 + 220?
158362
In base 12, what is 19a - 43492?
-432b4
In base 3, what is -21212000002101 - -20?
-21212000002011
In base 3, what is -100002021000 - -2022022?
-22222221201
In base 3, what is -21101021 + -201102202?
-222211000
In base 7, what is -14400 + 45605?
31205
In base 13, what is 56 - 19b5167?
-19b5111
In base 2, what is 1011011101 + 1100101110111111?
1100111010011100
In base 4, what is -2301032102 - 1001?
-2301033103
In base 8, what is 3 - -12632575?
12632600
In base 10, what is -871 - -400?
-471
In base 15, what is -4 - -cdcd2d?
cdcd29
In base 8, what is -26625 + -5173?
-34020
In base 15, what is bdb918d + 4?
bdb9192
In base 15, what is -2 + -75952?
-75954
In base 14, what is b648b09 + -5?
b648b04
In base 9, what is 1758715 - 22?
1758683
In base 11, what is 104 + 132069?
132172
In base 2, what is 10001111 + -101010101000010000?
-101010100110000001
In base 5, what is -212334044 + 342?
-212333202
In base 3, what is -11221012102 + 2120?
-11221002212
In base 9, what is 2206557 - -10?
2206567
In base 13, what is bc83c - -5?
bc844
In base 6, what is 112322355 - -22?
112322421
In base 6, what is -3000 - -4510423?
4503423
In base 13, what is 12c9 - 43b32?
-42836
In base 15, what is -4de + 69c6?
64d7
In base 4, what is -2 - -10221002121313?
10221002121311
In base 15, what is 2 - -2173b2a?
2173b2c
In base 5, what is -12220142034 + -1?
-12220142040
In base 6, what is -353252 - -54?
-353154
In base 16, what is -1a - d0302?
-d031c
In base 2, what is -101110 - -110110010001011110011?
110110010001011000101
In base 10, what is 5 - -303980336?
303980341
In base 11, what is -41 + -6a3966?
-6a39a7
In base 9, what is -3 - -3481407?
3481404
In base 5, what is 242211131 - 220?
242210411
In base 2, what is -1100110100 - -110000110111100?
101111010001000
In base 7, what is 55205504 + -1?
55205503
In base 10, what is 20343037 - -1?
20343038
In base 3, what is -2112120 - 10210012111?
-10212202001
In base 2, what is 110101000000001 - 10111001111?
110010000110010
In base 13, what is -2b2c0 - -9?
-2b2b4
In base 8, what is 403 - -1112511?
1113114
In base 14, what is 13c - -6774?
68b2
In base 8, what is 2630023 + -124?
2627677
In base 11, what is -4 - 320785?
-320789
In base 12, what is -4 - 944ba3?
-944ba7
In base 6, what is 1033 + 54144004?
54145041
In base 3, what is -11 + 1100112012121?
1100112012110
In base 5, what is -20422012 + -1201?
-20423213
In base 9, what is -1 - 6358311?
-6358312
In base 11, what is 131 - 2430a?
-24189
In base 6, what is 5 + -1242434244?
-1242434235
In base 5, what is -11 - -2103224414?
2103224403
In base 13, what is 138b7 - -6044?
1992b
In base 3, what is 210202221021111120 + 10?
210202221021111200
In base 9, what is 1 - -14544380?
14544381
In base 16, what is 363a - -3d2?
3a0c
In base 5, what is 2214110 + -442?
2213113
In base 16, what is 166 + 12903?
12a69
In base 15, what is 1025 - -4d9d?
5dc3
In base 5, what is 2 + 431014113003?
431014113010
In base 2, what is 111101 - -1110101010111001?
1110101011110110
In base 12, what is -a74 - -63a3?
552b
In base 5, what is 14011 + -1041444?
-1022433
In base 13, what is -235455 + -cc?
-235554
In base 14, what is -299 - -3383d?
33584
In base 3, what is 1002 + 1102221210112120?
1102221210120122
In base 4, what is 2322212033 - -103?
2322212202
In base 7, what is 20 - -156314001?
156314021
In base 3, what is -2211212222 + -10210001?
-2222200000
In base 6, what is 501033 - 224?
500405
In base 13, what is -a - -1bc96a6a?
1bc96a60
In base 16, what is -4a0d + 404?
-4609
In base 2, what is 11111011111101011011010 + -1?
11111011111101011011001
In base 2, what is 10101101011111000011 - -1100?
10101101011111001111
In base 4, what is 1012130 - 310220?
101310
In base 6, what is 1 + -4012220344?
-4012220343
In base 2, what is 111010010110 + 100000010110110?
100111101001100
In base 13, what is -20277 + 149?
-2012b
In base 2, what is -1100011 - -1000111101010000?
1000111011101101
In base 11, what is 3a - -3a1433?
3a1472
In base 4, what is -10 + -12023010112?
-12023010122
In base 3, what is -1100010202011 - 0?
-1100010202011
In base 12, what is -1891038 - -2?
-1891036
In base 12, what is 38 - 1043b2?
-104376
In base 5, what is 303033 + -233042?
14441
In base 10, what is 5473517 + 40?
5473557
In base 13, what is -7a + 1aabb?
1aa41
In base 5, wh